posite number?
False
Let c(i) = 29*i + 2. Suppose -f + 7 = -6. Is c(f) a composite number?
False
Let b(y) = 3*y**2 + 6*y - 4. Let u be b(6). Suppose 4*o = t + u, -o - 2*o - t = -105. Is o a composite number?
True
Suppose 5 = -4*l + 21. Suppose 9 = -2*q - 2*o + 55, l*q = 2*o + 86. Is q a prime number?
False
Let t(z) = 2*z - 4. Let g be t(4). Let i = -3 + g. Let q(k) = 36*k**3 + 2*k**2 - 1. Is q(i) a prime number?
True
Let p(j) = j + 1. Let g(s) = -7*s + 10. Let h(b) = -g(b) + 3*p(b). Is h(6) composite?
False
Suppose 0 = -k + 9*k - 16648. Is k a composite number?
False
Let l be (4/3 + -1)*6. Suppose -3*h + 1457 = -2*y, -4*y + l*y + 491 = h. Is h composite?
False
Let a(b) = 243*b**2 + 7*b - 7. Is a(3) composite?
True
Let l(n) = -n**3 + 12*n**2 - 11*n + 7. Let b be l(11). Let f(k) = -k**3 + 8*k**2 + 3*k - 3. Is f(b) prime?
True
Let o(p) = 3*p**3 - 76*p**2 + 30*p + 4. Is o(25) a prime number?
False
Let j(u) = -5*u**2 - 10*u + 2. Let t(n) = -n**2 - n + 1. Let b(v) = j(v) - 4*t(v). Let r(h) be the first derivative of b(h). Is r(-8) composite?
True
Let s = 88 - 37. Suppose -38 - s = -o. Is o prime?
True
Let l(q) = 5*q**2 + 8*q + 1. Let c(i) = -i**2 - 4*i + 3. Let x be c(-3). Suppose 0 = -o - 0*o - x. Is l(o) prime?
False
Let w(o) = o**2 + 6*o + 5. Is w(6) a composite number?
True
Let w(s) = 2*s**2 + 15*s + 12. Suppose 0 = -4*u - 40 - 0. Is w(u) prime?
False
Let i be (-2)/12*-3*10. Suppose -3*g = m - 404, 2*m - m + 660 = i*g. Is g prime?
False
Let t(l) = l**2 + 5*l + 10. Is t(-9) a prime number?
False
Let w = 0 + 0. Suppose w = -0*n + 3*n. Suppose n = -4*p + p + 12. Is p prime?
False
Suppose -2*v = 2, -5*v + 83 + 148 = 2*w. Is w a prime number?
False
Is (15/(-2))/(-5)*172/3 composite?
True
Suppose -2*t = -5*n + n - 34, -3*t + 40 = 5*n. Is t composite?
True
Let f(r) = -r**3 + 11*r**2 + 2*r - 5. Is f(8) prime?
False
Let c(x) = 8*x - 1. Let h be c(2). Is (1918/6)/(h/45) a composite number?
True
Let t = 0 - -5. Let g(a) = 8*a + 3. Is g(t) prime?
True
Is (6/10)/((-2)/(-110)) composite?
True
Let q(l) be the third derivative of 0*l**5 - 1/12*l**4 + 1/2*l**3 - l**2 + 0 + 0*l + 1/8*l**6. Is q(2) composite?
True
Let y(b) = -b + 7. Let m(u) = -u**2 + 2. Let v be m(-3). Let j(w) = w**2 - 2*w + 22. Let l(d) = v*y(d) + 2*j(d). Is l(-4) a prime number?
False
Let w = -22 + 110. Let m(u) = -u**3 + 4*u**2 - 2. Let v be m(-3). Let o = v + w. Is o a composite number?
False
Let n be (1 - 0) + 2 - 6. Is 37 - (n + (4 - 1)) composite?
False
Let f = -115 + 167. Suppose -t + 179 = f. Is t prime?
True
Let i(a) = 7*a**3 - 9*a**2 + 5*a + 11. Is i(6) a prime number?
True
Let s = -5 - 4. Is (-264)/(-4)*(-3)/s composite?
True
Let x(u) = u**3 + 7*u**2 + 7*u - 1. Is x(4) prime?
False
Let u = 2 - 0. Suppose 1 = -t - 0*t + 2*a, -u*a = -5*t + 27. Suppose s + t = 86. Is s composite?
False
Let r be 2/(-13) + (-1566)/(-39). Suppose -4*t = -5*w - 46, 4*t - w - r = w. Let l(f) = -f**2 + 14*f - 8. Is l(t) a composite number?
False
Suppose -5*y - 3*d = 33, -3*d - 23 = 4*y - 4*d. Is (2/y)/(1/(-279)) a composite number?
True
Let u(w) = w**3 + 4*w**2 + 3*w. Let q be u(-3). Suppose 2*n + 0*n - 6 = q. Suppose -3*p + 13 = -4*g - 12, -n*p + 3*g = -21. Is p composite?
False
Let q be 4/(-20) + (-1)/(-5). Suppose q = -2*d - 16 + 94. Is d a composite number?
True
Let q = -10 + 15. Suppose 4*k - 82 = -2*a, -q*k - 6 = -a + 42. Suppose a = 3*z - 68. Is z composite?
False
Let g(u) = -58*u + 13. Let h(d) = 59*d - 13. Let z(t) = 3*g(t) + 4*h(t). Let o be z(9). Suppose -o = -2*w - 3*w. Is w composite?
False
Let w(p) = p**3 - 26*p**2 + 52*p - 8. Is w(25) a prime number?
False
Let r be (4/16)/((-1)/(-4)). Is (-9)/(-2)*2/r a prime number?
False
Let l(c) = 149*c**2 + 3*c - 3. Is l(1) a prime number?
True
Let d(r) = -20*r - 23. Is d(-14) a prime number?
True
Let o(g) = -g**3 + g**2 - g + 4. Let k be o(0). Suppose -4*h + k*p - 20 + 216 = 0, 0 = h - 4*p - 49. Is h a composite number?
True
Let l be -2*(2 + -3) + 3. Suppose -l*b + b + 96 = -2*v, v + 49 = b. Let w = v - -127. Is w a composite number?
True
Let h be 6/(-9) + (-23)/(-3). Suppose -r - 257 = -b, 2*b - h*r = -3*r + 522. Is b prime?
False
Suppose 2*r - 235 = -3*r. Is r composite?
False
Suppose -2*z = 5*s - 321, 4*s - 416 + 164 = -4*z. Is s composite?
True
Let j = 13075 + -5726. Is j composite?
False
Let y be 56/(-6) - 1/(-3). Is -267*(6/y)/2 composite?
False
Let s be 6/8 - 15/(-12). Let m be 3 + 0 - s - -135. Let j = m - 51. Is j composite?
True
Let q(b) = -b**3 - 5*b**2 - 4*b - 5. Let x be q(-5). Let u be (-11)/(1/68*-2). Is u/10 + x/25 composite?
True
Is (84/(-18))/(1/(-3)) a composite number?
True
Suppose 92*m + 7185 = 97*m. Is m a prime number?
False
Let k be ((-26)/4)/((-2)/8). Let z = 40 - k. Is z composite?
True
Suppose -4*l = -j + 574, j + l + 1155 = 3*j. Let n = -298 + j. Suppose -4*q - n = -4*o, -o + 4*q + 14 = -65. Is o composite?
False
Suppose 3*j - 4*j + 7 = 0. Suppose a + j = 22. Is a a prime number?
False
Suppose 0 = -4*g + n + 2*n + 11, g + 4*n + 21 = 0. Let o = g - -1. Suppose 70 = 5*v - o*v. Is v composite?
True
Suppose -4*s + s = -633. Is s a prime number?
True
Suppose -2*r = i + 1, 0 = -2*i - 1 - 1. Let u = r - -43. Is u a prime number?
True
Suppose -2*v = v + 3342. Let m = -767 - v. Is m composite?
False
Let u = -3 - -1. Let q be 5*-3 + (-2)/u. Is q/((-7)/5 - -1) composite?
True
Let y be (12 - 2)*48/15. Let a = y - 20. Suppose 2*c - a = -2*c, -14 = -v + 3*c. Is v prime?
True
Suppose 2*j - 32 = 2. Let p = 18 + j. Is p composite?
True
Let i(v) = 3*v + 1. Let g be i(6). Let r = g - 8. Is r a prime number?
True
Let p = 201 + -56. Is p a prime number?
False
Suppose 2*b = 4*b + 8. Let a(g) be the first derivative of -15*g**2/2 - g - 1. Is a(b) composite?
False
Suppose 7*f = 2*f + 15. Suppose 62 = f*v + 3*b - 295, -4*v - 5*b + 476 = 0. Is v a composite number?
True
Is (-191)/(-1) - (2 - -1 - 3) a composite number?
False
Let q(g) = g**3 - 7*g**2 - 7*g - 4. Let s be q(8). Suppose v = -s*r + 59, 4*v + 129 = 3*r + 403. Is v a composite number?
False
Let o = 10 + -5. Let p = 4 - o. Let u(n) = 42*n**2 - n. Is u(p) prime?
True
Let t be 6/((1 - 0)/2). Suppose 2*r - 2 - 2 = 0. Suppose r*l - 2*p = 0, 0*p + t = l + 3*p. Is l composite?
False
Let o be (5/(-4))/((-1)/(-4)). Let y(r) = r**3 + 5*r**2 + r + 3. Let g be y(o). Is 1/((-1)/g) + 33 a composite number?
True
Suppose 0 = -y - 2*j + 2 + 20, 10 = y - j. Let u = 15 + -25. Let n = y + u. Is n composite?
True
Suppose 821 = 8*a - 7*a. Is a composite?
False
Let l = 605 - 232. Is l a composite number?
False
Suppose 0 = -6*p + 11*p - 2095. Is p a prime number?
True
Is -1*(-2 - -3)*-1631 prime?
False
Suppose -g - 30 = -4. Let s = g + 36. Let h = s + -4. Is h a prime number?
False
Is 16404/8 - 2/(-4) a composite number?
True
Let s(f) = 4*f**2 + 5*f + 7. Let a(p) = -p**2 + 3*p + 4. Let x be a(5). Is s(x) composite?
True
Suppose -2*c + 4*j - 10 = 0, -3*j = -c - 4*j + 7. Suppose o = 2*p + 133, 301 = 2*o + c*p - 0*p. Is o a prime number?
False
Let r be (-1)/3 - 425/(-15). Let b = r + 454. Suppose -i = -3*p + b, -2*i + 388 = 3*p - 97. Is p composite?
True
Suppose -23 = -6*z - 5. Suppose -764 = -j - z*j. Is j a composite number?
False
Let z(v) be the second derivative of 3*v**5/20 - v**4/2 - 2*v**3/3 + 11*v**2/2 - 6*v. Is z(6) a prime number?
True
Is 1*3 - 3250/(-5) a prime number?
True
Suppose 0 = 4*a + 96 + 52. Let l = a - -148. Is l prime?
False
Suppose 0 = 5*x - 4 - 6. Is 9/18 - (-425)/x composite?
True
Is 2*(-1)/(-8) + (-22295)/(-20) a composite number?
True
Let y(j) = 14*j - 3. Suppose 3*w + 5*b = -9, -4 = -5*w - 2*b - 0*b. Let h be y(w). Suppose 6*s - 3*z = s + 47, -z - h = -3*s. Is s composite?
False
Let f = 5269 - 3726. Is f prime?
True
Let y = 127 - 56. Suppose 0 = -3*r + 142 + y. Is r prime?
True
Let i(r) = r**2 - 7*r + 1. Let s be i(6). Let g(y) = 5*y**2 - 6*y - 6. Is g(s) composite?
False
Is (-298)/8*12/(-3) a prime number?
True
Let t = 8 - -21. Suppose l - t = 40. Is l a composite number?
True
Suppose 4 = -q + 3. Let s = q + 1. Suppose 5*a + 41 - 436 = s. Is a composite?
False
Let i = -1468 + 2081. Is i a prime number?
True
Suppose -7*c + 172 = -3*c. Let d = c + -31. Is (19/(-4))/((-3)/d) a prime number?
True
Suppose 1026 + 1486 = 8*b. Is b composite?
True
Let n(x) = 4*x + 2. Let v be n(-3). Let a = v - 